{"id":53,"date":"2019-04-18T11:16:34","date_gmt":"2019-04-18T11:16:34","guid":{"rendered":"https:\/\/envothemes.com\/envo-ecommerce\/?page_id=53"},"modified":"2025-12-30T22:35:00","modified_gmt":"2025-12-30T22:35:00","slug":"about-us","status":"publish","type":"page","link":"https:\/\/asunto-osakeyhtio.fi\/Asoy\/?page_id=53","title":{"rendered":"About Us"},"content":{"rendered":"\t\t<div data-elementor-type=\"wp-post\" data-elementor-id=\"53\" class=\"elementor elementor-53\">\n\t\t\t\t\t\t<section class=\"elementor-section elementor-top-section elementor-element elementor-element-224b9b6 elementor-section-full_width elementor-section-height-default elementor-section-height-default\" data-id=\"224b9b6\" data-element_type=\"section\" data-e-type=\"section\" data-settings=\"{&quot;background_background&quot;:&quot;classic&quot;,&quot;shape_divider_bottom&quot;:&quot;tilt&quot;}\">\n\t\t\t\t\t\t\t<div class=\"elementor-background-overlay\"><\/div>\n\t\t\t\t\t\t<div class=\"elementor-shape elementor-shape-bottom\" aria-hidden=\"true\" data-negative=\"false\">\n\t\t\t<svg xmlns=\"http:\/\/www.w3.org\/2000\/svg\" viewBox=\"0 0 1000 100\" preserveAspectRatio=\"none\">\n\t<path class=\"elementor-shape-fill\" d=\"M0,6V0h1000v100L0,6z\"\/>\n<\/svg>\t\t<\/div>\n\t\t\t\t\t<div class=\"elementor-container elementor-column-gap-default\">\n\t\t\t\t\t<div class=\"elementor-column elementor-col-100 elementor-top-column elementor-element elementor-element-d0f980b\" data-id=\"d0f980b\" data-element_type=\"column\" data-e-type=\"column\">\n\t\t\t<div class=\"elementor-widget-wrap elementor-element-populated\">\n\t\t\t\t\t\t<section class=\"elementor-section elementor-inner-section elementor-element elementor-element-231d5ba elementor-section-boxed elementor-section-height-default elementor-section-height-default\" data-id=\"231d5ba\" data-element_type=\"section\" data-e-type=\"section\">\n\t\t\t\t\t\t<div class=\"elementor-container elementor-column-gap-default\">\n\t\t\t\t\t<div class=\"elementor-column elementor-col-100 elementor-inner-column elementor-element elementor-element-2c9489b\" data-id=\"2c9489b\" data-element_type=\"column\" data-e-type=\"column\">\n\t\t\t<div class=\"elementor-widget-wrap elementor-element-populated\">\n\t\t\t\t\t\t<div class=\"elementor-element elementor-element-2d06514 elementor-widget elementor-widget-heading\" data-id=\"2d06514\" data-element_type=\"widget\" data-e-type=\"widget\" data-widget_type=\"heading.default\">\n\t\t\t\t\t<h3 class=\"elementor-heading-title elementor-size-default\">VARMISTAMME FAKTAT<\/h3>\t\t\t\t<\/div>\n\t\t\t\t<div class=\"elementor-element elementor-element-e02ce18 elementor-widget elementor-widget-heading\" data-id=\"e02ce18\" data-element_type=\"widget\" data-e-type=\"widget\" data-widget_type=\"heading.default\">\n\t\t\t\t\t<h5 class=\"elementor-heading-title elementor-size-default\"><p data-path-to-node=\"4\"><b data-path-to-node=\"4\" data-index-in-node=\"0\">Tervetuloa Asunto-osakeyhtio.fi -sivustolle. <\/b><\/p><br><p data-path-to-node=\"4\"><b data-path-to-node=\"4\" data-index-in-node=\"0\">Toimimme riippumattomana asiantuntijatahona asunnonostajille, jotka arvostavat perusteellisuutta ja oikeudellista varmuutta.<\/b><\/p><p data-path-to-node=\"5\">Asuntokaupan tavanomaisessa prosessissa huomio kiinnittyy usein pinnallisiin seikkoihin ja kaupan nopeaan toteutumiseen. Meid\u00e4n teht\u00e4v\u00e4mme on pys\u00e4ytt\u00e4\u00e4 prosessi hetkeksi ja varmistaa, ett\u00e4 p\u00e4\u00e4t\u00f6ksenne perustuu tarkistettuun tietoon, ei toiveajatteluun tai puutteellisiin asiakirjoihin.<\/p><p data-path-to-node=\"6\">Emme toimi kiinteist\u00f6nv\u00e4litysalalla emmek\u00e4 edusta rakennusliikkeit\u00e4. Olemme puhtaasti ostajan edunvalvoja.<\/p><\/h5>\t\t\t\t<\/div>\n\t\t\t\t\t<\/div>\n\t\t<\/div>\n\t\t\t\t\t<\/div>\n\t\t<\/section>\n\t\t\t\t\t<\/div>\n\t\t<\/div>\n\t\t\t\t\t<\/div>\n\t\t<\/section>\n\t\t\t\t<section class=\"elementor-section elementor-top-section elementor-element elementor-element-9a8bc7c elementor-section-boxed elementor-section-height-default elementor-section-height-default\" data-id=\"9a8bc7c\" data-element_type=\"section\" data-e-type=\"section\">\n\t\t\t\t\t\t<div class=\"elementor-container elementor-column-gap-default\">\n\t\t\t\t\t<div class=\"elementor-column elementor-col-50 elementor-top-column elementor-element elementor-element-600fc55 animated-slow elementor-invisible\" data-id=\"600fc55\" data-element_type=\"column\" data-e-type=\"column\" data-settings=\"{&quot;animation&quot;:&quot;fadeInLeft&quot;}\">\n\t\t\t<div class=\"elementor-widget-wrap elementor-element-populated\">\n\t\t\t\t\t\t<div class=\"elementor-element elementor-element-6da43f9 elementor-widget__width-initial elementor-widget-divider--view-line elementor-widget elementor-widget-divider\" data-id=\"6da43f9\" data-element_type=\"widget\" data-e-type=\"widget\" data-widget_type=\"divider.default\">\n\t\t\t\t\t\t\t<div class=\"elementor-divider\">\n\t\t\t<span class=\"elementor-divider-separator\">\n\t\t\t\t\t\t<\/span>\n\t\t<\/div>\n\t\t\t\t\t\t<\/div>\n\t\t\t\t<div class=\"elementor-element elementor-element-1694963 elementor-widget__width-auto elementor-widget elementor-widget-heading\" data-id=\"1694963\" data-element_type=\"widget\" data-e-type=\"widget\" data-settings=\"{&quot;_animation&quot;:&quot;none&quot;,&quot;_animation_delay&quot;:300}\" data-widget_type=\"heading.default\">\n\t\t\t\t\t<h3 class=\"elementor-heading-title elementor-size-default\">TAUSTA<\/h3>\t\t\t\t<\/div>\n\t\t\t\t<div class=\"elementor-element elementor-element-76e2d41 elementor-widget elementor-widget-heading\" data-id=\"76e2d41\" data-element_type=\"widget\" data-e-type=\"widget\" data-widget_type=\"heading.default\">\n\t\t\t\t\t<h2 class=\"elementor-heading-title elementor-size-default\">MIKSI TEEMME T\u00c4T\u00c4?<\/h2>\t\t\t\t<\/div>\n\t\t\t\t<div class=\"elementor-element elementor-element-dbb89d1 elementor-widget elementor-widget-text-editor\" data-id=\"dbb89d1\" data-element_type=\"widget\" data-e-type=\"widget\" data-widget_type=\"text-editor.default\">\n\t\t\t\t\t\t\t\t\t<p data-path-to-node=\"33,0\"><i data-path-to-node=\"33,0\" data-index-in-node=\"0\">Vuonna 2017 luotin papereihin, v\u00e4litt\u00e4j\u00e4\u00e4n ja systeemiin. Se virhe maksoi perheelleni vuosia el\u00e4m\u00e4st\u00e4 ja paljon rahaa, kun &#8221;salattu&#8221; kosteusvaurio ja lopulta yhti\u00f6\u00f6n tullut miljoonaremontti paljastuivat. Vuosia kest\u00e4nyt oikeusprosessi osoitti, ett\u00e4 j\u00e4lkik\u00e4teen on vaikea voittaa ja saada edes v\u00e4h\u00e4n oikeutta, vaikka olisi oikeassa.<\/i><\/p><p data-path-to-node=\"33,0\"><i data-path-to-node=\"33,0\" data-index-in-node=\"0\">Kokemus muutti tapani katsoa taloyhti\u00f6it\u00e4. Ymm\u00e4rsin, ett\u00e4 todelliset riskit eiv\u00e4t l\u00f6ydy is\u00e4nn\u00f6itsij\u00e4ntodistuksen etusivulta, vaan rivien v\u00e4list\u00e4 ja yhti\u00f6n historiasta.<\/i><\/p><p data-path-to-node=\"33,1\">Perustimme t\u00e4m\u00e4n palvelun, jotta sinun ei tarvitse oppia kantap\u00e4\u00e4n kautta. Teemme sinulle sen syv\u00e4luotaavan taustaselvityksen, jonka olisin toivonut jonkun tekev\u00e4n minulle. Etsimme ne virheet ja hiljaiset signaalit, jotka muut sivuuttavat, jotta voit tehd\u00e4 el\u00e4m\u00e4si suurimman kaupan turvallisemmin mielin.<\/p><p>\u00a0<\/p>\t\t\t\t\t\t\t\t<\/div>\n\t\t\t\t<div class=\"elementor-element elementor-element-47ef404 elementor-widget elementor-widget-button\" data-id=\"47ef404\" data-element_type=\"widget\" data-e-type=\"widget\" data-widget_type=\"button.default\">\n\t\t\t\t\t\t\t\t\t\t<a class=\"elementor-button elementor-button-link elementor-size-md\" href=\"mailto:koti@asunto-osakeyhtio.fi\">\n\t\t\t\t\t\t<span class=\"elementor-button-content-wrapper\">\n\t\t\t\t\t\t<span class=\"elementor-button-icon\">\n\t\t\t\t<i aria-hidden=\"true\" class=\"icon icon-right-arrow\"><\/i>\t\t\t<\/span>\n\t\t\t\t\t\t\t\t\t<span class=\"elementor-button-text\">koti@asunto-osakeyhtio.fi<\/span>\n\t\t\t\t\t<\/span>\n\t\t\t\t\t<\/a>\n\t\t\t\t\t\t\t\t<\/div>\n\t\t\t\t\t<\/div>\n\t\t<\/div>\n\t\t\t\t<div class=\"elementor-column elementor-col-50 elementor-top-column elementor-element elementor-element-b16bf7b\" data-id=\"b16bf7b\" data-element_type=\"column\" data-e-type=\"column\">\n\t\t\t<div class=\"elementor-widget-wrap elementor-element-populated\">\n\t\t\t\t\t\t<div class=\"elementor-element elementor-element-b6bf83b elementor-widget__width-initial elementor-widget-tablet__width-initial elementor-widget elementor-widget-image\" data-id=\"b6bf83b\" data-element_type=\"widget\" data-e-type=\"widget\" data-widget_type=\"image.default\">\n\t\t\t\t\t\t\t\t\t\t\t\t\t\t\t<img fetchpriority=\"high\" decoding=\"async\" width=\"800\" height=\"800\" src=\"https:\/\/asunto-osakeyhtio.fi\/Asoy\/wp-content\/uploads\/2025\/12\/Analyysi1.png\" class=\"attachment-full size-full wp-image-932\" alt=\"\" srcset=\"https:\/\/asunto-osakeyhtio.fi\/Asoy\/wp-content\/uploads\/2025\/12\/Analyysi1.png 800w, https:\/\/asunto-osakeyhtio.fi\/Asoy\/wp-content\/uploads\/2025\/12\/Analyysi1-300x300.png 300w, https:\/\/asunto-osakeyhtio.fi\/Asoy\/wp-content\/uploads\/2025\/12\/Analyysi1-150x150.png 150w, https:\/\/asunto-osakeyhtio.fi\/Asoy\/wp-content\/uploads\/2025\/12\/Analyysi1-768x768.png 768w, https:\/\/asunto-osakeyhtio.fi\/Asoy\/wp-content\/uploads\/2025\/12\/Analyysi1-600x600.png 600w, https:\/\/asunto-osakeyhtio.fi\/Asoy\/wp-content\/uploads\/2025\/12\/Analyysi1-100x100.png 100w\" sizes=\"(max-width: 800px) 100vw, 800px\" \/>\t\t\t\t\t\t\t\t\t\t\t\t\t\t\t<\/div>\n\t\t\t\t\t<\/div>\n\t\t<\/div>\n\t\t\t\t\t<\/div>\n\t\t<\/section>\n\t\t\t\t<section class=\"elementor-section elementor-top-section elementor-element elementor-element-9e9a9ca elementor-section-boxed elementor-section-height-default elementor-section-height-default\" data-id=\"9e9a9ca\" data-element_type=\"section\" data-e-type=\"section\">\n\t\t\t\t\t\t<div class=\"elementor-container elementor-column-gap-default\">\n\t\t\t\t\t<div class=\"elementor-column elementor-col-50 elementor-top-column elementor-element elementor-element-1e55b3f\" data-id=\"1e55b3f\" data-element_type=\"column\" data-e-type=\"column\">\n\t\t\t<div class=\"elementor-widget-wrap elementor-element-populated\">\n\t\t\t\t\t\t<div class=\"elementor-element elementor-element-e425e9e elementor-widget__width-initial elementor-widget-tablet__width-initial elementor-widget elementor-widget-image\" data-id=\"e425e9e\" data-element_type=\"widget\" data-e-type=\"widget\" data-widget_type=\"image.default\">\n\t\t\t\t\t\t\t\t\t\t\t\t\t\t\t<img decoding=\"async\" width=\"600\" height=\"975\" src=\"https:\/\/asunto-osakeyhtio.fi\/Asoy\/wp-content\/uploads\/2025\/12\/KonsulttiJariM_2.png\" class=\"attachment-full size-full wp-image-983\" alt=\"\" srcset=\"https:\/\/asunto-osakeyhtio.fi\/Asoy\/wp-content\/uploads\/2025\/12\/KonsulttiJariM_2.png 600w, https:\/\/asunto-osakeyhtio.fi\/Asoy\/wp-content\/uploads\/2025\/12\/KonsulttiJariM_2-185x300.png 185w\" sizes=\"(max-width: 600px) 100vw, 600px\" \/>\t\t\t\t\t\t\t\t\t\t\t\t\t\t\t<\/div>\n\t\t\t\t\t<\/div>\n\t\t<\/div>\n\t\t\t\t<div class=\"elementor-column elementor-col-50 elementor-top-column elementor-element elementor-element-77980f6 animated-slow elementor-invisible\" data-id=\"77980f6\" data-element_type=\"column\" data-e-type=\"column\" data-settings=\"{&quot;animation&quot;:&quot;fadeInLeft&quot;}\">\n\t\t\t<div class=\"elementor-widget-wrap elementor-element-populated\">\n\t\t\t\t\t\t<div class=\"elementor-element elementor-element-63ac6d5 elementor-widget__width-initial elementor-widget-divider--view-line elementor-widget elementor-widget-divider\" data-id=\"63ac6d5\" data-element_type=\"widget\" data-e-type=\"widget\" data-widget_type=\"divider.default\">\n\t\t\t\t\t\t\t<div class=\"elementor-divider\">\n\t\t\t<span class=\"elementor-divider-separator\">\n\t\t\t\t\t\t<\/span>\n\t\t<\/div>\n\t\t\t\t\t\t<\/div>\n\t\t\t\t<div class=\"elementor-element elementor-element-78a6bad elementor-widget__width-auto elementor-widget elementor-widget-heading\" data-id=\"78a6bad\" data-element_type=\"widget\" data-e-type=\"widget\" data-settings=\"{&quot;_animation&quot;:&quot;none&quot;,&quot;_animation_delay&quot;:300}\" data-widget_type=\"heading.default\">\n\t\t\t\t\t<h3 class=\"elementor-heading-title elementor-size-default\">Jari M.<\/h3>\t\t\t\t<\/div>\n\t\t\t\t<div class=\"elementor-element elementor-element-5a2c428 elementor-widget elementor-widget-heading\" data-id=\"5a2c428\" data-element_type=\"widget\" data-e-type=\"widget\" data-widget_type=\"heading.default\">\n\t\t\t\t\t<h2 class=\"elementor-heading-title elementor-size-default\"><h3 data-path-to-node=\"17\">Kenelle olemme avuksi?<span style=\"font-size: 36px;letter-spacing: -0.02em\"><\/span><\/h3><\/h2>\t\t\t\t<\/div>\n\t\t\t\t<div class=\"elementor-element elementor-element-a0a3290 elementor-widget elementor-widget-text-editor\" data-id=\"a0a3290\" data-element_type=\"widget\" data-e-type=\"widget\" data-widget_type=\"text-editor.default\">\n\t\t\t\t\t\t\t\t\t<p data-path-to-node=\"18\">Olemme kumppani yksityishenkil\u00f6ille, jotka tekev\u00e4t el\u00e4m\u00e4ns\u00e4 suurimpia taloudellisia p\u00e4\u00e4t\u00f6ksi\u00e4.<\/p><p data-path-to-node=\"19\">Palvelemme niin ensiasunnon ostajia kuin uutta kohdetta etsivi\u00e4, kaikkia vanhoja ja uudiskohteita harkitsevia, jotka haluavat v\u00e4ltt\u00e4\u00e4 yll\u00e4tt\u00e4v\u00e4t vastuut ja ep\u00e4selvyydet.<\/p><p data-path-to-node=\"20\">Tavoitteemme on yksinkertainen: <b data-path-to-node=\"20\" data-index-in-node=\"32\">Varmistamme, ett\u00e4 tied\u00e4tte tarkalleen, mihin aiotte sitoutua.<\/b><\/p>\t\t\t\t\t\t\t\t<\/div>\n\t\t\t\t<div class=\"elementor-element elementor-element-63c2d13 elementor-widget elementor-widget-button\" data-id=\"63c2d13\" data-element_type=\"widget\" data-e-type=\"widget\" data-widget_type=\"button.default\">\n\t\t\t\t\t\t\t\t\t\t<a class=\"elementor-button elementor-button-link elementor-size-md\" href=\"mailto:koti@asunto-osakeyhtio.fi\">\n\t\t\t\t\t\t<span class=\"elementor-button-content-wrapper\">\n\t\t\t\t\t\t<span class=\"elementor-button-icon\">\n\t\t\t\t<i aria-hidden=\"true\" class=\"icon icon-right-arrow\"><\/i>\t\t\t<\/span>\n\t\t\t\t\t\t\t\t\t<span class=\"elementor-button-text\">OTA YHTEYTT\u00c4<\/span>\n\t\t\t\t\t<\/span>\n\t\t\t\t\t<\/a>\n\t\t\t\t\t\t\t\t<\/div>\n\t\t\t\t\t<\/div>\n\t\t<\/div>\n\t\t\t\t\t<\/div>\n\t\t<\/section>\n\t\t\t\t<section class=\"elementor-section elementor-top-section elementor-element elementor-element-5bbc835 elementor-section-content-middle elementor-section-boxed elementor-section-height-default elementor-section-height-default\" data-id=\"5bbc835\" data-element_type=\"section\" data-e-type=\"section\" data-settings=\"{&quot;background_background&quot;:&quot;classic&quot;,&quot;shape_divider_top&quot;:&quot;tilt&quot;}\">\n\t\t\t\t\t\t\t<div class=\"elementor-background-overlay\"><\/div>\n\t\t\t\t\t\t<div class=\"elementor-shape elementor-shape-top\" aria-hidden=\"true\" data-negative=\"false\">\n\t\t\t<svg xmlns=\"http:\/\/www.w3.org\/2000\/svg\" viewBox=\"0 0 1000 100\" preserveAspectRatio=\"none\">\n\t<path class=\"elementor-shape-fill\" d=\"M0,6V0h1000v100L0,6z\"\/>\n<\/svg>\t\t<\/div>\n\t\t\t\t\t<div class=\"elementor-container elementor-column-gap-default\">\n\t\t\t\t\t<div class=\"elementor-column elementor-col-100 elementor-top-column elementor-element elementor-element-711c9af\" data-id=\"711c9af\" data-element_type=\"column\" data-e-type=\"column\">\n\t\t\t<div class=\"elementor-widget-wrap\">\n\t\t\t\t\t\t\t<\/div>\n\t\t<\/div>\n\t\t\t\t\t<\/div>\n\t\t<\/section>\n\t\t\t\t<\/div>\n\t\t","protected":false},"excerpt":{"rendered":"<p>VARMISTAMME FAKTAT Tervetuloa Asunto-osakeyhtio.fi -sivustolle. Toimimme riippumattomana asiantuntijatahona asunnonostajille, jotka arvostavat perusteellisuutta ja oikeudellista varmuutta. Asuntokaupan tavanomaisessa prosessissa huomio kiinnittyy usein pinnallisiin seikkoihin ja kaupan nopeaan toteutumiseen. Meid\u00e4n teht\u00e4v\u00e4mme on pys\u00e4ytt\u00e4\u00e4 prosessi hetkeksi ja varmistaa,&hellip;<\/p>\n","protected":false},"author":1,"featured_media":0,"parent":0,"menu_order":0,"comment_status":"closed","ping_status":"closed","template":"template-parts\/template-page-builders.php","meta":{"footnotes":""},"class_list":["post-53","page","type-page","status-publish","hentry"],"_links":{"self":[{"href":"https:\/\/asunto-osakeyhtio.fi\/Asoy\/index.php?rest_route=\/wp\/v2\/pages\/53","targetHints":{"allow":["GET"]}}],"collection":[{"href":"https:\/\/asunto-osakeyhtio.fi\/Asoy\/index.php?rest_route=\/wp\/v2\/pages"}],"about":[{"href":"https:\/\/asunto-osakeyhtio.fi\/Asoy\/index.php?rest_route=\/wp\/v2\/types\/page"}],"author":[{"embeddable":true,"href":"https:\/\/asunto-osakeyhtio.fi\/Asoy\/index.php?rest_route=\/wp\/v2\/users\/1"}],"replies":[{"embeddable":true,"href":"https:\/\/asunto-osakeyhtio.fi\/Asoy\/index.php?rest_route=%2Fwp%2Fv2%2Fcomments&post=53"}],"version-history":[{"count":21,"href":"https:\/\/asunto-osakeyhtio.fi\/Asoy\/index.php?rest_route=\/wp\/v2\/pages\/53\/revisions"}],"predecessor-version":[{"id":1010,"href":"https:\/\/asunto-osakeyhtio.fi\/Asoy\/index.php?rest_route=\/wp\/v2\/pages\/53\/revisions\/1010"}],"wp:attachment":[{"href":"https:\/\/asunto-osakeyhtio.fi\/Asoy\/index.php?rest_route=%2Fwp%2Fv2%2Fmedia&parent=53"}],"curies":[{"name":"wp","href":"https:\/\/api.w.org\/{rel}","templated":true}]}}